{"id":338,"date":"2020-02-11T16:01:20","date_gmt":"2020-02-11T15:01:20","guid":{"rendered":"http:\/\/veroniquejoubert.com\/?page_id=41"},"modified":"2024-04-04T15:20:58","modified_gmt":"2024-04-04T13:20:58","slug":"over","status":"publish","type":"page","link":"https:\/\/veroniquejoubert.com\/index.php\/nl-nl\/over\/","title":{"rendered":"Over"},"content":{"rendered":"\n<p><\/p>\n\n\n\n<figure class=\"wp-block-gallery has-nested-images columns-default wp-block-gallery-1 is-layout-flex wp-block-gallery-is-layout-flex\">\n<figure class=\"wp-block-image size-large\"><img loading=\"lazy\" decoding=\"async\" width=\"299\" height=\"299\" data-id=\"83\" src=\"https:\/\/veroniquejoubert.com\/wp-content\/uploads\/2020\/02\/VJ.jpg\" alt=\"\" class=\"wp-image-83\" srcset=\"https:\/\/veroniquejoubert.com\/wp-content\/uploads\/2020\/02\/VJ.jpg 299w, https:\/\/veroniquejoubert.com\/wp-content\/uploads\/2020\/02\/VJ-150x150.jpg 150w, https:\/\/veroniquejoubert.com\/wp-content\/uploads\/2020\/02\/VJ-100x100.jpg 100w\" sizes=\"auto, (max-width: 299px) 100vw, 299px\" \/><\/figure>\n\n\n\n<figure class=\"wp-block-image size-large\"><img loading=\"lazy\" decoding=\"async\" width=\"1024\" height=\"74\" data-id=\"6\" src=\"https:\/\/veroniquejoubert.com\/wp-content\/uploads\/2020\/02\/20191227_VJ_Charte_LOGO_VECTO-1024x74.png\" alt=\"\" class=\"wp-image-6\" srcset=\"https:\/\/veroniquejoubert.com\/wp-content\/uploads\/2020\/02\/20191227_VJ_Charte_LOGO_VECTO-1024x74.png 1024w, https:\/\/veroniquejoubert.com\/wp-content\/uploads\/2020\/02\/20191227_VJ_Charte_LOGO_VECTO-300x22.png 300w, https:\/\/veroniquejoubert.com\/wp-content\/uploads\/2020\/02\/20191227_VJ_Charte_LOGO_VECTO-768x55.png 768w, https:\/\/veroniquejoubert.com\/wp-content\/uploads\/2020\/02\/20191227_VJ_Charte_LOGO_VECTO-750x54.png 750w, https:\/\/veroniquejoubert.com\/wp-content\/uploads\/2020\/02\/20191227_VJ_Charte_LOGO_VECTO-400x29.png 400w, https:\/\/veroniquejoubert.com\/wp-content\/uploads\/2020\/02\/20191227_VJ_Charte_LOGO_VECTO-430x31.png 430w, https:\/\/veroniquejoubert.com\/wp-content\/uploads\/2020\/02\/20191227_VJ_Charte_LOGO_VECTO-150x11.png 150w, https:\/\/veroniquejoubert.com\/wp-content\/uploads\/2020\/02\/20191227_VJ_Charte_LOGO_VECTO-100x7.png 100w, https:\/\/veroniquejoubert.com\/wp-content\/uploads\/2020\/02\/20191227_VJ_Charte_LOGO_VECTO.png 1474w\" sizes=\"auto, (max-width: 706px) 89vw, (max-width: 767px) 82vw, 740px\" \/><\/figure>\n<\/figure>\n\n\n\n<p>Gepassioneerd door mensen, de ontwikkeling en balans ervan, ben ik opgeleid in human resources management (ICHEC Brussels Management School), gecertificeerd in leiderschap en communicatie (Dale Carnegie), gecertificeerd in persoonlijkheidsvragenlijst (MBTI) en getraind in coaching (CFIP).&nbsp;<\/p>\n\n\n\n<p>Als rekruteringsmanager in de priv\u00e9sector heb ik honderden gevarieerde profielen voor Belgi\u00eb en Europa aangeworven: jonge afgestudeerden, jonge professionals en ervaren leidinggevenden. Ik heb een uitstekende kennis van de wereld van recruiters, werkgevers en kandidaten.&nbsp;<\/p>\n\n\n\n<p>Als human resources manager \u00ab\u00a0ad interim\u00a0\u00bb word ik gevraagd voor grote disfuncties in bedrijven van elke omvang en over zeer gevarieerde \u00ab\u00a0Human Resources\u00a0\u00bb onderwerpen. Ik word gewaardeerd om mijn vermogen om snel en nauwkeurig te analyseren, voor de visie die ik voorstel op te zetten, voor mijn \u00ab\u00a0hands-on\u00a0\u00bb kant, professionele en geori\u00ebnteerde \u00ab\u00a0klant\u00a0\u00bb en \u00ab\u00a0resultaten\u00a0\u00bb.&nbsp;<\/p>\n\n\n\n<p>In elk project zet ik me in om mijn kennis over te dragen, de teams te betrekken, ze te laten evolueren, met hen samen te cre\u00ebren en de gestelde doelen te bereiken, als onderdeel van de implementatie van een duurzame HR-strategie.<\/p>\n\n\n\n<p>Ik spreek vloeiend Engels en Nederlands (naast Frans).<\/p>\n\n\n\n<p>Ik werk in bedrijven <strong>face-to-face of virtueel <\/strong>(MSTeams, Zoom of ander) als interim HR manager, trainer en als professionele coach (individuen en teams).<\/p>\n\n\n\n<p>Ik werk op kantoor als coach en ben gespecialiseerd in de verschillende vraagstukken die hij tegenkomt in het kader van zijn werk.  <\/p>\n\n\n\n<p>De coachingsessies vinden f<strong>ace-to-face<\/strong> plaats in het Maison du mieux-\u00eatre (Brussel\/Woluw\u00e9-Saint-Lambert) of in Anderlecht, of op <strong>hybride <\/strong>wijze (face-to-face en virtueel) voor wie dat wenst.<\/p>\n\n\n\n<p><\/p>\n\n\n\n<p class=\"has-text-align-center\"><strong>Ik grijp in bij het huis van welzijn en <br> in bedrijven<\/strong><\/p>\n\n\n<div class=\"wp-block-image is-style-default\">\n<figure class=\"alignleft size-large is-resized\"><a href=\"https:\/\/www.lamaisondumieuxetre.be\" target=\"_blank\" rel=\"noopener noreferrer\"><img loading=\"lazy\" decoding=\"async\" width=\"500\" height=\"500\" src=\"https:\/\/veroniquejoubert.com\/wp-content\/uploads\/2020\/04\/MDME_LOGO_500x500px.png\" alt=\"\" class=\"wp-image-195\" style=\"width:235px\" srcset=\"https:\/\/veroniquejoubert.com\/wp-content\/uploads\/2020\/04\/MDME_LOGO_500x500px.png 500w, https:\/\/veroniquejoubert.com\/wp-content\/uploads\/2020\/04\/MDME_LOGO_500x500px-150x150.png 150w, https:\/\/veroniquejoubert.com\/wp-content\/uploads\/2020\/04\/MDME_LOGO_500x500px-300x300.png 300w, https:\/\/veroniquejoubert.com\/wp-content\/uploads\/2020\/04\/MDME_LOGO_500x500px-100x100.png 100w\" sizes=\"auto, (max-width: 500px) 100vw, 500px\" \/><\/a><\/figure>\n<\/div>\n\n\n<figure class=\"wp-block-image size-large is-resized is-style-default\"><a href=\"https:\/\/mbtitraininginstitute.myersbriggs.org\/#\" target=\"_blank\" rel=\"noopener noreferrer\"><img loading=\"lazy\" decoding=\"async\" width=\"500\" height=\"500\" src=\"https:\/\/veroniquejoubert.com\/wp-content\/uploads\/2020\/04\/MBTI_LOGO_500x500px.png\" alt=\"\" class=\"wp-image-194\" style=\"width:235px\" srcset=\"https:\/\/veroniquejoubert.com\/wp-content\/uploads\/2020\/04\/MBTI_LOGO_500x500px.png 500w, https:\/\/veroniquejoubert.com\/wp-content\/uploads\/2020\/04\/MBTI_LOGO_500x500px-150x150.png 150w, https:\/\/veroniquejoubert.com\/wp-content\/uploads\/2020\/04\/MBTI_LOGO_500x500px-300x300.png 300w, https:\/\/veroniquejoubert.com\/wp-content\/uploads\/2020\/04\/MBTI_LOGO_500x500px-100x100.png 100w\" sizes=\"auto, (max-width: 500px) 100vw, 500px\" \/><\/a><\/figure>\n\n\n<div class=\"wp-block-image is-style-default\">\n<figure class=\"alignleft size-large is-resized\"><a href=\"https:\/\/www.cfip.be\" target=\"_blank\" rel=\"noopener noreferrer\"><img loading=\"lazy\" decoding=\"async\" width=\"500\" height=\"500\" src=\"https:\/\/veroniquejoubert.com\/wp-content\/uploads\/2020\/04\/CFIP_LOGO_500x500px.png\" alt=\"\" class=\"wp-image-192\" style=\"width:235px\" srcset=\"https:\/\/veroniquejoubert.com\/wp-content\/uploads\/2020\/04\/CFIP_LOGO_500x500px.png 500w, https:\/\/veroniquejoubert.com\/wp-content\/uploads\/2020\/04\/CFIP_LOGO_500x500px-150x150.png 150w, https:\/\/veroniquejoubert.com\/wp-content\/uploads\/2020\/04\/CFIP_LOGO_500x500px-300x300.png 300w, https:\/\/veroniquejoubert.com\/wp-content\/uploads\/2020\/04\/CFIP_LOGO_500x500px-100x100.png 100w\" sizes=\"auto, (max-width: 500px) 100vw, 500px\" \/><\/a><\/figure>\n<\/div>\n\n\n<figure class=\"wp-block-image size-large is-resized is-style-default\"><a href=\"https:\/\/www.dalecarnegie.com\/fr\" target=\"_blank\" rel=\"noopener noreferrer\"><img loading=\"lazy\" decoding=\"async\" width=\"500\" height=\"500\" src=\"https:\/\/veroniquejoubert.com\/wp-content\/uploads\/2020\/04\/DALE_LOGO_500x500px.png\" alt=\"\" class=\"wp-image-193\" style=\"width:235px\" srcset=\"https:\/\/veroniquejoubert.com\/wp-content\/uploads\/2020\/04\/DALE_LOGO_500x500px.png 500w, https:\/\/veroniquejoubert.com\/wp-content\/uploads\/2020\/04\/DALE_LOGO_500x500px-150x150.png 150w, https:\/\/veroniquejoubert.com\/wp-content\/uploads\/2020\/04\/DALE_LOGO_500x500px-300x300.png 300w, https:\/\/veroniquejoubert.com\/wp-content\/uploads\/2020\/04\/DALE_LOGO_500x500px-100x100.png 100w\" sizes=\"auto, (max-width: 500px) 100vw, 500px\" \/><\/a><\/figure>\n\n\n\n<figure class=\"wp-block-image size-full\"><img loading=\"lazy\" decoding=\"async\" width=\"251\" height=\"238\" src=\"https:\/\/veroniquejoubert.com\/wp-content\/uploads\/2024\/04\/ICF-member-1.png\" alt=\"\" class=\"wp-image-648\"\/><\/figure>\n","protected":false},"excerpt":{"rendered":"<p>Gepassioneerd door mensen, de ontwikkeling en balans ervan, ben ik opgeleid in human resources management (ICHEC Brussels Management School), gecertificeerd in leiderschap en communicatie (Dale Carnegie), gecertificeerd in persoonlijkheidsvragenlijst (MBTI) en getraind in coaching (CFIP).&nbsp; Als rekruteringsmanager in de priv\u00e9sector heb ik honderden gevarieerde profielen voor Belgi\u00eb en Europa aangeworven: jonge afgestudeerden, jonge professionals en &hellip; <\/p>\n<p class=\"link-more\"><a href=\"https:\/\/veroniquejoubert.com\/index.php\/nl-nl\/over\/\" class=\"more-link\">Continuer la lecture<span class=\"screen-reader-text\"> de &laquo;&nbsp;Over&nbsp;&raquo;<\/span><\/a><\/p>\n","protected":false},"author":1,"featured_media":0,"parent":0,"menu_order":0,"comment_status":"closed","ping_status":"closed","template":"","meta":{"footnotes":""},"class_list":["post-338","page","type-page","status-publish","hentry"],"yoast_head":"<!-- This site is optimized with the Yoast SEO plugin v27.2 - https:\/\/yoast.com\/product\/yoast-seo-wordpress\/ -->\n<title>V\u00e9ronique JoubertOver - V\u00e9ronique Joubert<\/title>\n<meta name=\"description\" content=\"Passionn\u00e9e par l\u2019Humain, son d\u00e9veloppement et son \u00e9quilibre, je suis form\u00e9e en gestion des ressources humaines (ICHEC Brussels Management School), certifi\u00e9e en leadership et communication (Dale Carnegie), certifi\u00e9e en questionnaire de personnalit\u00e9 (MBTI), et form\u00e9e au coaching (CFIP).\" \/>\n<meta name=\"robots\" content=\"index, follow, max-snippet:-1, max-image-preview:large, max-video-preview:-1\" \/>\n<link rel=\"canonical\" href=\"https:\/\/veroniquejoubert.com\/index.php\/nl-nl\/over\/\" \/>\n<meta property=\"og:locale\" content=\"fr_FR\" \/>\n<meta property=\"og:type\" content=\"article\" \/>\n<meta property=\"og:title\" content=\"V\u00e9ronique JoubertOver - V\u00e9ronique Joubert\" \/>\n<meta property=\"og:description\" content=\"Passionn\u00e9e par l\u2019Humain, son d\u00e9veloppement et son \u00e9quilibre, je suis form\u00e9e en gestion des ressources humaines (ICHEC Brussels Management School), certifi\u00e9e en leadership et communication (Dale Carnegie), certifi\u00e9e en questionnaire de personnalit\u00e9 (MBTI), et form\u00e9e au coaching (CFIP).\" \/>\n<meta property=\"og:url\" content=\"https:\/\/veroniquejoubert.com\/index.php\/nl-nl\/over\/\" \/>\n<meta property=\"og:site_name\" content=\"V\u00e9ronique Joubert\" \/>\n<meta property=\"article:modified_time\" content=\"2024-04-04T13:20:58+00:00\" \/>\n<meta property=\"og:image\" content=\"https:\/\/veroniquejoubert.com\/wp-content\/uploads\/2020\/02\/VJ.jpg\" \/>\n<meta name=\"twitter:card\" content=\"summary_large_image\" \/>\n<meta name=\"twitter:label1\" content=\"Dur\u00e9e de lecture estim\u00e9e\" \/>\n\t<meta name=\"twitter:data1\" content=\"3 minutes\" \/>\n<script type=\"application\/ld+json\" class=\"yoast-schema-graph\">{\"@context\":\"https:\/\/schema.org\",\"@graph\":[{\"@type\":\"WebPage\",\"@id\":\"https:\/\/veroniquejoubert.com\/index.php\/nl-nl\/over\/\",\"url\":\"https:\/\/veroniquejoubert.com\/index.php\/nl-nl\/over\/\",\"name\":\"V\u00e9ronique JoubertOver - V\u00e9ronique Joubert\",\"isPartOf\":{\"@id\":\"https:\/\/veroniquejoubert.com\/#website\"},\"primaryImageOfPage\":{\"@id\":\"https:\/\/veroniquejoubert.com\/index.php\/nl-nl\/over\/#primaryimage\"},\"image\":{\"@id\":\"https:\/\/veroniquejoubert.com\/index.php\/nl-nl\/over\/#primaryimage\"},\"thumbnailUrl\":\"https:\/\/veroniquejoubert.com\/wp-content\/uploads\/2020\/02\/VJ.jpg\",\"datePublished\":\"2020-02-11T15:01:20+00:00\",\"dateModified\":\"2024-04-04T13:20:58+00:00\",\"description\":\"Passionn\u00e9e par l\u2019Humain, son d\u00e9veloppement et son \u00e9quilibre, je suis form\u00e9e en gestion des ressources humaines (ICHEC Brussels Management School), certifi\u00e9e en leadership et communication (Dale Carnegie), certifi\u00e9e en questionnaire de personnalit\u00e9 (MBTI), et form\u00e9e au coaching (CFIP).\",\"breadcrumb\":{\"@id\":\"https:\/\/veroniquejoubert.com\/index.php\/nl-nl\/over\/#breadcrumb\"},\"inLanguage\":\"fr-FR\",\"potentialAction\":[{\"@type\":\"ReadAction\",\"target\":[\"https:\/\/veroniquejoubert.com\/index.php\/nl-nl\/over\/\"]}]},{\"@type\":\"ImageObject\",\"inLanguage\":\"fr-FR\",\"@id\":\"https:\/\/veroniquejoubert.com\/index.php\/nl-nl\/over\/#primaryimage\",\"url\":\"https:\/\/veroniquejoubert.com\/wp-content\/uploads\/2020\/02\/VJ.jpg\",\"contentUrl\":\"https:\/\/veroniquejoubert.com\/wp-content\/uploads\/2020\/02\/VJ.jpg\",\"width\":299,\"height\":299},{\"@type\":\"BreadcrumbList\",\"@id\":\"https:\/\/veroniquejoubert.com\/index.php\/nl-nl\/over\/#breadcrumb\",\"itemListElement\":[{\"@type\":\"ListItem\",\"position\":1,\"name\":\"Accueil\",\"item\":\"https:\/\/veroniquejoubert.com\/\"},{\"@type\":\"ListItem\",\"position\":2,\"name\":\"Over\"}]},{\"@type\":\"WebSite\",\"@id\":\"https:\/\/veroniquejoubert.com\/#website\",\"url\":\"https:\/\/veroniquejoubert.com\/\",\"name\":\"V\u00e9ronique Joubert\",\"description\":\"\",\"publisher\":{\"@id\":\"https:\/\/veroniquejoubert.com\/#organization\"},\"potentialAction\":[{\"@type\":\"SearchAction\",\"target\":{\"@type\":\"EntryPoint\",\"urlTemplate\":\"https:\/\/veroniquejoubert.com\/?s={search_term_string}\"},\"query-input\":{\"@type\":\"PropertyValueSpecification\",\"valueRequired\":true,\"valueName\":\"search_term_string\"}}],\"inLanguage\":\"fr-FR\"},{\"@type\":\"Organization\",\"@id\":\"https:\/\/veroniquejoubert.com\/#organization\",\"name\":\"V\u00e9ronique Joubert\",\"url\":\"https:\/\/veroniquejoubert.com\/\",\"logo\":{\"@type\":\"ImageObject\",\"inLanguage\":\"fr-FR\",\"@id\":\"https:\/\/veroniquejoubert.com\/#\/schema\/logo\/image\/\",\"url\":\"https:\/\/veroniquejoubert.com\/wp-content\/uploads\/2020\/02\/cropped-20191227_VJ_Charte_LOGO_VECTO_WHITE-1.png\",\"contentUrl\":\"https:\/\/veroniquejoubert.com\/wp-content\/uploads\/2020\/02\/cropped-20191227_VJ_Charte_LOGO_VECTO_WHITE-1.png\",\"width\":3476,\"height\":250,\"caption\":\"V\u00e9ronique Joubert\"},\"image\":{\"@id\":\"https:\/\/veroniquejoubert.com\/#\/schema\/logo\/image\/\"}}]}<\/script>\n<!-- \/ Yoast SEO plugin. -->","yoast_head_json":{"title":"V\u00e9ronique JoubertOver - V\u00e9ronique Joubert","description":"Passionn\u00e9e par l\u2019Humain, son d\u00e9veloppement et son \u00e9quilibre, je suis form\u00e9e en gestion des ressources humaines (ICHEC Brussels Management School), certifi\u00e9e en leadership et communication (Dale Carnegie), certifi\u00e9e en questionnaire de personnalit\u00e9 (MBTI), et form\u00e9e au coaching (CFIP).","robots":{"index":"index","follow":"follow","max-snippet":"max-snippet:-1","max-image-preview":"max-image-preview:large","max-video-preview":"max-video-preview:-1"},"canonical":"https:\/\/veroniquejoubert.com\/index.php\/nl-nl\/over\/","og_locale":"fr_FR","og_type":"article","og_title":"V\u00e9ronique JoubertOver - V\u00e9ronique Joubert","og_description":"Passionn\u00e9e par l\u2019Humain, son d\u00e9veloppement et son \u00e9quilibre, je suis form\u00e9e en gestion des ressources humaines (ICHEC Brussels Management School), certifi\u00e9e en leadership et communication (Dale Carnegie), certifi\u00e9e en questionnaire de personnalit\u00e9 (MBTI), et form\u00e9e au coaching (CFIP).","og_url":"https:\/\/veroniquejoubert.com\/index.php\/nl-nl\/over\/","og_site_name":"V\u00e9ronique Joubert","article_modified_time":"2024-04-04T13:20:58+00:00","og_image":[{"url":"https:\/\/veroniquejoubert.com\/wp-content\/uploads\/2020\/02\/VJ.jpg","type":"","width":"","height":""}],"twitter_card":"summary_large_image","twitter_misc":{"Dur\u00e9e de lecture estim\u00e9e":"3 minutes"},"schema":{"@context":"https:\/\/schema.org","@graph":[{"@type":"WebPage","@id":"https:\/\/veroniquejoubert.com\/index.php\/nl-nl\/over\/","url":"https:\/\/veroniquejoubert.com\/index.php\/nl-nl\/over\/","name":"V\u00e9ronique JoubertOver - V\u00e9ronique Joubert","isPartOf":{"@id":"https:\/\/veroniquejoubert.com\/#website"},"primaryImageOfPage":{"@id":"https:\/\/veroniquejoubert.com\/index.php\/nl-nl\/over\/#primaryimage"},"image":{"@id":"https:\/\/veroniquejoubert.com\/index.php\/nl-nl\/over\/#primaryimage"},"thumbnailUrl":"https:\/\/veroniquejoubert.com\/wp-content\/uploads\/2020\/02\/VJ.jpg","datePublished":"2020-02-11T15:01:20+00:00","dateModified":"2024-04-04T13:20:58+00:00","description":"Passionn\u00e9e par l\u2019Humain, son d\u00e9veloppement et son \u00e9quilibre, je suis form\u00e9e en gestion des ressources humaines (ICHEC Brussels Management School), certifi\u00e9e en leadership et communication (Dale Carnegie), certifi\u00e9e en questionnaire de personnalit\u00e9 (MBTI), et form\u00e9e au coaching (CFIP).","breadcrumb":{"@id":"https:\/\/veroniquejoubert.com\/index.php\/nl-nl\/over\/#breadcrumb"},"inLanguage":"fr-FR","potentialAction":[{"@type":"ReadAction","target":["https:\/\/veroniquejoubert.com\/index.php\/nl-nl\/over\/"]}]},{"@type":"ImageObject","inLanguage":"fr-FR","@id":"https:\/\/veroniquejoubert.com\/index.php\/nl-nl\/over\/#primaryimage","url":"https:\/\/veroniquejoubert.com\/wp-content\/uploads\/2020\/02\/VJ.jpg","contentUrl":"https:\/\/veroniquejoubert.com\/wp-content\/uploads\/2020\/02\/VJ.jpg","width":299,"height":299},{"@type":"BreadcrumbList","@id":"https:\/\/veroniquejoubert.com\/index.php\/nl-nl\/over\/#breadcrumb","itemListElement":[{"@type":"ListItem","position":1,"name":"Accueil","item":"https:\/\/veroniquejoubert.com\/"},{"@type":"ListItem","position":2,"name":"Over"}]},{"@type":"WebSite","@id":"https:\/\/veroniquejoubert.com\/#website","url":"https:\/\/veroniquejoubert.com\/","name":"V\u00e9ronique Joubert","description":"","publisher":{"@id":"https:\/\/veroniquejoubert.com\/#organization"},"potentialAction":[{"@type":"SearchAction","target":{"@type":"EntryPoint","urlTemplate":"https:\/\/veroniquejoubert.com\/?s={search_term_string}"},"query-input":{"@type":"PropertyValueSpecification","valueRequired":true,"valueName":"search_term_string"}}],"inLanguage":"fr-FR"},{"@type":"Organization","@id":"https:\/\/veroniquejoubert.com\/#organization","name":"V\u00e9ronique Joubert","url":"https:\/\/veroniquejoubert.com\/","logo":{"@type":"ImageObject","inLanguage":"fr-FR","@id":"https:\/\/veroniquejoubert.com\/#\/schema\/logo\/image\/","url":"https:\/\/veroniquejoubert.com\/wp-content\/uploads\/2020\/02\/cropped-20191227_VJ_Charte_LOGO_VECTO_WHITE-1.png","contentUrl":"https:\/\/veroniquejoubert.com\/wp-content\/uploads\/2020\/02\/cropped-20191227_VJ_Charte_LOGO_VECTO_WHITE-1.png","width":3476,"height":250,"caption":"V\u00e9ronique Joubert"},"image":{"@id":"https:\/\/veroniquejoubert.com\/#\/schema\/logo\/image\/"}}]}},"_links":{"self":[{"href":"https:\/\/veroniquejoubert.com\/index.php\/wp-json\/wp\/v2\/pages\/338","targetHints":{"allow":["GET"]}}],"collection":[{"href":"https:\/\/veroniquejoubert.com\/index.php\/wp-json\/wp\/v2\/pages"}],"about":[{"href":"https:\/\/veroniquejoubert.com\/index.php\/wp-json\/wp\/v2\/types\/page"}],"author":[{"embeddable":true,"href":"https:\/\/veroniquejoubert.com\/index.php\/wp-json\/wp\/v2\/users\/1"}],"replies":[{"embeddable":true,"href":"https:\/\/veroniquejoubert.com\/index.php\/wp-json\/wp\/v2\/comments?post=338"}],"version-history":[{"count":7,"href":"https:\/\/veroniquejoubert.com\/index.php\/wp-json\/wp\/v2\/pages\/338\/revisions"}],"predecessor-version":[{"id":649,"href":"https:\/\/veroniquejoubert.com\/index.php\/wp-json\/wp\/v2\/pages\/338\/revisions\/649"}],"wp:attachment":[{"href":"https:\/\/veroniquejoubert.com\/index.php\/wp-json\/wp\/v2\/media?parent=338"}],"curies":[{"name":"wp","href":"https:\/\/api.w.org\/{rel}","templated":true}]}}