{"id":373,"date":"2020-01-17T05:05:20","date_gmt":"2020-01-17T04:05:20","guid":{"rendered":"http:\/\/veroniquejoubert.com\/?page_id=3"},"modified":"2021-11-01T17:28:52","modified_gmt":"2021-11-01T16:28:52","slug":"privacybeleid","status":"publish","type":"page","link":"https:\/\/veroniquejoubert.com\/index.php\/nl-nl\/privacybeleid\/","title":{"rendered":"Privacybeleid"},"content":{"rendered":"<h2 class=\"wp-block-heading\">Wie zijn wij?<\/h2><p>Het adres van onze website is: http:\/\/veroniquejoubert.com.<\/p><h2 class=\"wp-block-heading\">Gebruik van verzamelde persoonlijke gegevens<\/h2><h3 class=\"wp-block-heading\">Opmerkingen<\/h3><p>Wanneer je een reactie achterlaten op onze website, de gegevens die worden ingevoerd in het reactieformulier, maar ook uw IP-adres en uw browser user-agent worden verzameld om te helpen ons commentaar spam opsporing.<\/p><p>Een anonieme tekenreeks gemaakt op basis van uw emailadres (ook bekend als een hash) kan worden gestuurd naar de Gravatar dienst om te controleren als u de laatste. De clausules van de vertrouwelijkheid van de Gravatar dienst zijn hier beschikbaar: https:\/\/automattic.com\/privacy\/. Na validatie van uw reactie zullen uw profielafbeelding publiekelijk zichtbaar is naast uw commentaar.<\/p><h3 class=\"wp-block-heading\">Media<\/h3><p>Als u een gebruiker of een gebruiker enregistre\u00b7e u uploaden van foto&#39;s op de website, is het raadzaam dat u afbeeldingen uploaden met EXIF GPS co\u00f6rdinaten gegevens voorkomen. Bezoekers van uw website kunnen downloaden en extraheren van gegevens uit de locatie van deze beelden.<\/p><h3 class=\"wp-block-heading\">Contact formulieren<\/h3><h3 class=\"wp-block-heading\">Cookies<\/h3><p>Als u een reactie op onze site plaatsen, zal u worden aangeboden om te registreren uw naam, e-mailadres en website cookies. Het is alleen voor uw gemak zodat ze niet hoeft te geef deze informatie op als u later een ander commentaar indienen. Deze cookies verlopen na \u00e9\u00e9n jaar.<\/p><p>Als u een account hebt en u zich op deze site aanmeldt, wordt een tijdelijke cookie gemaakt om te bepalen als uw browser cookies accepteert. Het bevat geen persoonlijke gegevens en zal geschrapt worden automatisch naar uw browser wordt gesloten.<\/p><p>Wanneer u inlogt, zullen we een aantal cookies op te slaan uw aanmeldingsgegevens en voorkeuren scherm uitvoeren. De levensduur van de cookie van een aanmelding is twee dagen, die van een cookie weergeven optie is \u00e9\u00e9n jaar. Als u het selectievakje &#39;Onthouden&#39;, worden uw login koekje voor twee weken bewaard. Als je je afmeldt bij uw account, kan de aanmelding cookie zal worden verwijderd.<\/p><p>Door een publicatie te bewerken of te publiceren, wordt een extra cookie in uw browser opgeslagen. Deze cookie bevat geen persoonlijke gegevens. Het toont enkel het IDENTITEITsKAART van de publicatie u enkel veranderde. Verstrijkt de termijn aan het einde van een dag.<\/p><h3 class=\"wp-block-heading\">Inhoud die is ingesloten van andere sites<\/h3><p>De artikelen op deze site kunnen bevatten ingesloten inhoud (bijvoorbeeld video&#39;s, foto&#39;s, artikelen&#8230;). Inhoud die is ingesloten van andere sites gedraagt zich net als de bezoeker op die andere site was.<\/p><p>Deze websites kan verzamelen van gegevens over u, maken gebruik van cookies, krijgen controlehulpprogramma&#39;s van derden en bijhouden van uw interacties met deze inhoud verzonden hebt u een account aangemeld op hun website.<\/p><h3 class=\"wp-block-heading\">Statistieken en gehoor maatregelen<\/h3><h2 class=\"wp-block-heading\">Gebruik en overdracht van uw persoonlijke gegevens<\/h2><h2 class=\"wp-block-heading\">Uw gegevens opslag tijden<\/h2><p>Als u een reactie achterlaten, worden het commentaar en de metagegevens voor onbepaalde tijd bewaard. Hierdoor kan herkennen en automatisch het goedkeuren van de volgende opmerkingen in plaats van het verlaten van hen in de moderation rij.<\/p><p>Voor gebruikers en gebruikers die zich op onze site (indien mogelijk aanmelden), slaan we ook de persoonlijke gegevens die zijn opgegeven in hun profiel. Alle gebruikers en gebruikers kunnen zien, wijzigen of verwijderen van hun persoonlijke gegevens op elk gewenst moment (met uitzondering van hun naam van utilisateur\u00b7ice). De sitebeheerders kunnen ook bekijken en wijzigen van deze informatie.<\/p><h2 class=\"wp-block-heading\">Rechten op uw gegevens hebt<\/h2><p>Als u een account hebt of als u commentaren op de site verlaat, u aanvragen kunt te ontvangen van een bestand met alle persoonlijke gegevens die wij over u, inclusief de records die u aan ons hebt verstrekt bezitten. U kunt ook de schrapping van de persoonlijke gegevens over u aanvragen. Dit doet geen accountgegevens die zijn opgeslagen voor administratieve en juridische doeleinden of om veiligheidsredenen.<\/p><h2 class=\"wp-block-heading\">Verstrekking van uw persoonsgegevens<\/h2><p>Feedback van de bezoekers kan worden gecontroleerd met behulp van een geautomatiseerde commentaar spam preventie service.<\/p><h2 class=\"wp-block-heading\">Contact informatie<\/h2><h2 class=\"wp-block-heading\">Extra informatie<\/h2><h3 class=\"wp-block-heading\">Hoe we uw gegevens beschermen<\/h3><h3 class=\"wp-block-heading\">Procedures in geval van lekkage van gegevens<\/h3><h3 class=\"wp-block-heading\">Diensten van derden die gegevens naar ons verzenden<\/h3><h3 class=\"wp-block-heading\">Geautomatiseerde marketing-en\/of profilerings bewerkingen die met persoonsgegevens worden uitgevoerd<\/h3><h3 class=\"wp-block-heading\">Informatie WeerGeven met betrekking tot sectoren waarvoor specifieke voorschriften gelden<\/h3>","protected":false},"excerpt":{"rendered":"<p>Wie zijn wij? Het adres van onze website is: http:\/\/veroniquejoubert.com. Gebruik van verzamelde persoonlijke gegevens Opmerkingen Wanneer je een reactie achterlaten op onze website, de gegevens die worden ingevoerd in het reactieformulier, maar ook uw IP-adres en uw browser user-agent worden verzameld om te helpen ons commentaar spam opsporing. Een anonieme tekenreeks gemaakt op basis &hellip; <\/p>\n<p class=\"link-more\"><a href=\"https:\/\/veroniquejoubert.com\/index.php\/nl-nl\/privacybeleid\/\" class=\"more-link\">Continuer la lecture<span class=\"screen-reader-text\"> de &laquo;&nbsp;Privacybeleid&nbsp;&raquo;<\/span><\/a><\/p>\n","protected":false},"author":1,"featured_media":0,"parent":0,"menu_order":0,"comment_status":"closed","ping_status":"closed","template":"","meta":{"footnotes":""},"class_list":["post-373","page","type-page","status-publish","hentry"],"yoast_head":"<!-- This site is optimized with the Yoast SEO plugin v27.3 - https:\/\/yoast.com\/product\/yoast-seo-wordpress\/ -->\n<title>V\u00e9ronique JoubertPrivacybeleid - V\u00e9ronique Joubert<\/title>\n<meta name=\"description\" content=\"Passionn\u00e9e par l\u2019Humain, son d\u00e9veloppement et son \u00e9quilibre, je suis form\u00e9e en gestion des ressources humaines (ICHEC Brussels Management School), certifi\u00e9e en leadership et communication (Dale Carnegie), certifi\u00e9e en questionnaire de personnalit\u00e9 (MBTI), et form\u00e9e au coaching (CFIP).\" \/>\n<meta name=\"robots\" content=\"index, follow, max-snippet:-1, max-image-preview:large, max-video-preview:-1\" \/>\n<link rel=\"canonical\" href=\"https:\/\/veroniquejoubert.com\/index.php\/nl-nl\/privacybeleid\/\" \/>\n<meta property=\"og:locale\" content=\"fr_FR\" \/>\n<meta property=\"og:type\" content=\"article\" \/>\n<meta property=\"og:title\" content=\"V\u00e9ronique JoubertPrivacybeleid - V\u00e9ronique Joubert\" \/>\n<meta property=\"og:description\" content=\"Passionn\u00e9e par l\u2019Humain, son d\u00e9veloppement et son \u00e9quilibre, je suis form\u00e9e en gestion des ressources humaines (ICHEC Brussels Management School), certifi\u00e9e en leadership et communication (Dale Carnegie), certifi\u00e9e en questionnaire de personnalit\u00e9 (MBTI), et form\u00e9e au coaching (CFIP).\" \/>\n<meta property=\"og:url\" content=\"https:\/\/veroniquejoubert.com\/index.php\/nl-nl\/privacybeleid\/\" \/>\n<meta property=\"og:site_name\" content=\"V\u00e9ronique Joubert\" \/>\n<meta property=\"article:modified_time\" content=\"2021-11-01T16:28:52+00:00\" \/>\n<meta name=\"twitter:card\" content=\"summary_large_image\" \/>\n<meta name=\"twitter:label1\" content=\"Dur\u00e9e de lecture estim\u00e9e\" \/>\n\t<meta name=\"twitter:data1\" content=\"3 minutes\" \/>\n<script type=\"application\/ld+json\" class=\"yoast-schema-graph\">{\"@context\":\"https:\\\/\\\/schema.org\",\"@graph\":[{\"@type\":\"WebPage\",\"@id\":\"https:\\\/\\\/veroniquejoubert.com\\\/index.php\\\/nl-nl\\\/privacybeleid\\\/\",\"url\":\"https:\\\/\\\/veroniquejoubert.com\\\/index.php\\\/nl-nl\\\/privacybeleid\\\/\",\"name\":\"V\u00e9ronique JoubertPrivacybeleid - V\u00e9ronique Joubert\",\"isPartOf\":{\"@id\":\"https:\\\/\\\/veroniquejoubert.com\\\/#website\"},\"datePublished\":\"2020-01-17T04:05:20+00:00\",\"dateModified\":\"2021-11-01T16:28:52+00:00\",\"description\":\"Passionn\u00e9e par l\u2019Humain, son d\u00e9veloppement et son \u00e9quilibre, je suis form\u00e9e en gestion des ressources humaines (ICHEC Brussels Management School), certifi\u00e9e en leadership et communication (Dale Carnegie), certifi\u00e9e en questionnaire de personnalit\u00e9 (MBTI), et form\u00e9e au coaching (CFIP).\",\"breadcrumb\":{\"@id\":\"https:\\\/\\\/veroniquejoubert.com\\\/index.php\\\/nl-nl\\\/privacybeleid\\\/#breadcrumb\"},\"inLanguage\":\"fr-FR\",\"potentialAction\":[{\"@type\":\"ReadAction\",\"target\":[\"https:\\\/\\\/veroniquejoubert.com\\\/index.php\\\/nl-nl\\\/privacybeleid\\\/\"]}]},{\"@type\":\"BreadcrumbList\",\"@id\":\"https:\\\/\\\/veroniquejoubert.com\\\/index.php\\\/nl-nl\\\/privacybeleid\\\/#breadcrumb\",\"itemListElement\":[{\"@type\":\"ListItem\",\"position\":1,\"name\":\"Accueil\",\"item\":\"https:\\\/\\\/veroniquejoubert.com\\\/\"},{\"@type\":\"ListItem\",\"position\":2,\"name\":\"Privacybeleid\"}]},{\"@type\":\"WebSite\",\"@id\":\"https:\\\/\\\/veroniquejoubert.com\\\/#website\",\"url\":\"https:\\\/\\\/veroniquejoubert.com\\\/\",\"name\":\"V\u00e9ronique Joubert\",\"description\":\"\",\"publisher\":{\"@id\":\"https:\\\/\\\/veroniquejoubert.com\\\/#organization\"},\"potentialAction\":[{\"@type\":\"SearchAction\",\"target\":{\"@type\":\"EntryPoint\",\"urlTemplate\":\"https:\\\/\\\/veroniquejoubert.com\\\/?s={search_term_string}\"},\"query-input\":{\"@type\":\"PropertyValueSpecification\",\"valueRequired\":true,\"valueName\":\"search_term_string\"}}],\"inLanguage\":\"fr-FR\"},{\"@type\":\"Organization\",\"@id\":\"https:\\\/\\\/veroniquejoubert.com\\\/#organization\",\"name\":\"V\u00e9ronique Joubert\",\"url\":\"https:\\\/\\\/veroniquejoubert.com\\\/\",\"logo\":{\"@type\":\"ImageObject\",\"inLanguage\":\"fr-FR\",\"@id\":\"https:\\\/\\\/veroniquejoubert.com\\\/#\\\/schema\\\/logo\\\/image\\\/\",\"url\":\"https:\\\/\\\/veroniquejoubert.com\\\/wp-content\\\/uploads\\\/2020\\\/02\\\/cropped-20191227_VJ_Charte_LOGO_VECTO_WHITE-1.png\",\"contentUrl\":\"https:\\\/\\\/veroniquejoubert.com\\\/wp-content\\\/uploads\\\/2020\\\/02\\\/cropped-20191227_VJ_Charte_LOGO_VECTO_WHITE-1.png\",\"width\":3476,\"height\":250,\"caption\":\"V\u00e9ronique Joubert\"},\"image\":{\"@id\":\"https:\\\/\\\/veroniquejoubert.com\\\/#\\\/schema\\\/logo\\\/image\\\/\"}}]}<\/script>\n<!-- \/ Yoast SEO plugin. -->","yoast_head_json":{"title":"V\u00e9ronique JoubertPrivacybeleid - V\u00e9ronique Joubert","description":"Passionn\u00e9e par l\u2019Humain, son d\u00e9veloppement et son \u00e9quilibre, je suis form\u00e9e en gestion des ressources humaines (ICHEC Brussels Management School), certifi\u00e9e en leadership et communication (Dale Carnegie), certifi\u00e9e en questionnaire de personnalit\u00e9 (MBTI), et form\u00e9e au coaching (CFIP).","robots":{"index":"index","follow":"follow","max-snippet":"max-snippet:-1","max-image-preview":"max-image-preview:large","max-video-preview":"max-video-preview:-1"},"canonical":"https:\/\/veroniquejoubert.com\/index.php\/nl-nl\/privacybeleid\/","og_locale":"fr_FR","og_type":"article","og_title":"V\u00e9ronique JoubertPrivacybeleid - V\u00e9ronique Joubert","og_description":"Passionn\u00e9e par l\u2019Humain, son d\u00e9veloppement et son \u00e9quilibre, je suis form\u00e9e en gestion des ressources humaines (ICHEC Brussels Management School), certifi\u00e9e en leadership et communication (Dale Carnegie), certifi\u00e9e en questionnaire de personnalit\u00e9 (MBTI), et form\u00e9e au coaching (CFIP).","og_url":"https:\/\/veroniquejoubert.com\/index.php\/nl-nl\/privacybeleid\/","og_site_name":"V\u00e9ronique Joubert","article_modified_time":"2021-11-01T16:28:52+00:00","twitter_card":"summary_large_image","twitter_misc":{"Dur\u00e9e de lecture estim\u00e9e":"3 minutes"},"schema":{"@context":"https:\/\/schema.org","@graph":[{"@type":"WebPage","@id":"https:\/\/veroniquejoubert.com\/index.php\/nl-nl\/privacybeleid\/","url":"https:\/\/veroniquejoubert.com\/index.php\/nl-nl\/privacybeleid\/","name":"V\u00e9ronique JoubertPrivacybeleid - V\u00e9ronique Joubert","isPartOf":{"@id":"https:\/\/veroniquejoubert.com\/#website"},"datePublished":"2020-01-17T04:05:20+00:00","dateModified":"2021-11-01T16:28:52+00:00","description":"Passionn\u00e9e par l\u2019Humain, son d\u00e9veloppement et son \u00e9quilibre, je suis form\u00e9e en gestion des ressources humaines (ICHEC Brussels Management School), certifi\u00e9e en leadership et communication (Dale Carnegie), certifi\u00e9e en questionnaire de personnalit\u00e9 (MBTI), et form\u00e9e au coaching (CFIP).","breadcrumb":{"@id":"https:\/\/veroniquejoubert.com\/index.php\/nl-nl\/privacybeleid\/#breadcrumb"},"inLanguage":"fr-FR","potentialAction":[{"@type":"ReadAction","target":["https:\/\/veroniquejoubert.com\/index.php\/nl-nl\/privacybeleid\/"]}]},{"@type":"BreadcrumbList","@id":"https:\/\/veroniquejoubert.com\/index.php\/nl-nl\/privacybeleid\/#breadcrumb","itemListElement":[{"@type":"ListItem","position":1,"name":"Accueil","item":"https:\/\/veroniquejoubert.com\/"},{"@type":"ListItem","position":2,"name":"Privacybeleid"}]},{"@type":"WebSite","@id":"https:\/\/veroniquejoubert.com\/#website","url":"https:\/\/veroniquejoubert.com\/","name":"V\u00e9ronique Joubert","description":"","publisher":{"@id":"https:\/\/veroniquejoubert.com\/#organization"},"potentialAction":[{"@type":"SearchAction","target":{"@type":"EntryPoint","urlTemplate":"https:\/\/veroniquejoubert.com\/?s={search_term_string}"},"query-input":{"@type":"PropertyValueSpecification","valueRequired":true,"valueName":"search_term_string"}}],"inLanguage":"fr-FR"},{"@type":"Organization","@id":"https:\/\/veroniquejoubert.com\/#organization","name":"V\u00e9ronique Joubert","url":"https:\/\/veroniquejoubert.com\/","logo":{"@type":"ImageObject","inLanguage":"fr-FR","@id":"https:\/\/veroniquejoubert.com\/#\/schema\/logo\/image\/","url":"https:\/\/veroniquejoubert.com\/wp-content\/uploads\/2020\/02\/cropped-20191227_VJ_Charte_LOGO_VECTO_WHITE-1.png","contentUrl":"https:\/\/veroniquejoubert.com\/wp-content\/uploads\/2020\/02\/cropped-20191227_VJ_Charte_LOGO_VECTO_WHITE-1.png","width":3476,"height":250,"caption":"V\u00e9ronique Joubert"},"image":{"@id":"https:\/\/veroniquejoubert.com\/#\/schema\/logo\/image\/"}}]}},"_links":{"self":[{"href":"https:\/\/veroniquejoubert.com\/index.php\/wp-json\/wp\/v2\/pages\/373","targetHints":{"allow":["GET"]}}],"collection":[{"href":"https:\/\/veroniquejoubert.com\/index.php\/wp-json\/wp\/v2\/pages"}],"about":[{"href":"https:\/\/veroniquejoubert.com\/index.php\/wp-json\/wp\/v2\/types\/page"}],"author":[{"embeddable":true,"href":"https:\/\/veroniquejoubert.com\/index.php\/wp-json\/wp\/v2\/users\/1"}],"replies":[{"embeddable":true,"href":"https:\/\/veroniquejoubert.com\/index.php\/wp-json\/wp\/v2\/comments?post=373"}],"version-history":[{"count":1,"href":"https:\/\/veroniquejoubert.com\/index.php\/wp-json\/wp\/v2\/pages\/373\/revisions"}],"predecessor-version":[{"id":446,"href":"https:\/\/veroniquejoubert.com\/index.php\/wp-json\/wp\/v2\/pages\/373\/revisions\/446"}],"wp:attachment":[{"href":"https:\/\/veroniquejoubert.com\/index.php\/wp-json\/wp\/v2\/media?parent=373"}],"curies":[{"name":"wp","href":"https:\/\/api.w.org\/{rel}","templated":true}]}}