{"id":422,"date":"2021-09-16T09:56:56","date_gmt":"2021-09-16T07:56:56","guid":{"rendered":"https:\/\/veroniquejoubert.com\/?page_id=287"},"modified":"2024-04-28T19:39:43","modified_gmt":"2024-04-28T17:39:43","slug":"references-2","status":"publish","type":"page","link":"https:\/\/veroniquejoubert.com\/index.php\/en-us\/references-2\/","title":{"rendered":"REFERENCES"},"content":{"rendered":"\n<p><span style=\"text-decoration: underline;\">REFERENCES &#8211; INTERIM MANAGEMENT<\/span><\/p>\n\n\n\n<p>\u00ab\u00a0I had the pleasure to work with Veronique during one year at Volvo Construction Equipment where she joined us as a HR Generalist. With lots of energy and enthusiasm Veronique always brought a positive vibe in the office. As a fast and eager learner, she easily acquired the necessary knowledge on new topics before diving into the details of those cases. With good project management skills, Veronique was able to put several new structures in place, including taking responsibilities for the administrative matters that come with these projects. By translating current tasks into procedures and policies, Veronique&rsquo;s long-term orientation helps the company to become more sustainable over time.\u00a0\u00bb<br>Marie-Pierre, VP HR Management, <strong>Volvo Construction Equipment<\/strong><\/p>\n\n\n\n<p>\u00ab\u00a0I just wanted to testify to the great satisfaction of the teams who had the pleasure of working with V\u00e9ronique at Unilever as part of her mission with us. V\u00e9ronique quickly integrated into the HR team but also took into account the complexity of our matrix organization to best carry out her mission. She brought a lot of structure and discipline to our recruitment process while ensuring compliance with our internal tools. She has also brought a lot of added value thanks to her experience in the field and the support of managers.\u00a0\u00bb<\/p>\n\n\n\n<p>Sophie, General Manager <strong>Unilever Belux<\/strong><\/p>\n\n\n\n<p><span style=\"text-decoration: underline;\">REFERENCES COACHING<\/span><\/p>\n\n\n\n<p>\u00ab\u00a0Thanks to this coaching, I gained confidence in myself and my abilities while concretely developing my managerial skills.\u00a0\u00bb<br>Victoria, <strong>Deputy Director<\/strong><\/p>\n\n\n\n<p>\u00ab\u00a0I didn&rsquo;t see the end of the tunnel about the professional difficulties I was facing. The few coaching sessions allowed me to take a step back, understand what was at stake and find in myself the solutions to get out of it, thanks to the attentive and benevolent listening of V\u00e9ronique.\u00a0\u00bb <br> Marcel, <strong>Director<\/strong><\/p>\n\n\n\n<p>\u00ab\u00a0I became the manager of my colleagues and my beginnings were not easy. Thanks to a few coaching sessions with V\u00e9ronique, I overcame my difficulties, regained confidence in my ability to manage a team. Thanks to the exercises and tools proposed by V\u00e9ronique, I found solutions that I still use today to solve the problems inherent in my new function.\u00a0\u00bb <br>Isabelle, <strong>Manager<\/strong><\/p>\n\n\n\n<p>\u00ab\u00a0I called on V\u00e9ronique Joubert on the recommendation of a friend, HR Business Partner in a large international group and who had had the opportunity to work with her. From our first meeting, V\u00e9ronique was very attentive and insisted on the importance of having a real chemistry between coach and coachee so that progress is tangible. The alchemy was such that we worked together over 9 months using very concrete and re-usable tools on a daily basis that allow me today to manage situations of \u00ab\u00a0overload\u00a0\u00bb. It is thanks to V\u00e9ronique that I understood my personal \u00ab\u00a0software\u00a0\u00bb of operation in the professional, family and friendly spheres and which made me arrive at this feeling of overwork. By knowing these software, I was able to keep only the good elements and get rid of the bad ones thanks to the tools provided by V\u00e9ronique. 10\/10!\u00a0\u00bb<br>Betty, <strong>Sales Director Europe\/Latin America.<\/strong><\/p>\n\n\n\n<p>\u00ab\u00a0Hi V\u00e9ronique, thanks again for the coaching last year, which really helped me! In the meantime, I&rsquo;m now part of the management committee and I&rsquo;ve been promoted. I&rsquo;m very pleased with that.\u00a0\u00bb <br>Antoine, <strong>Digital marketing manager in the automotive sector<\/strong><\/p>\n\n\n\n<p>I embarked on a coaching journey because I was no longer able to fulfil myself in my job. I had a lot of frustrations and had lost confidence in my abilities. I was extremely stressed. At times like that, you don&rsquo;t necessarily need someone to dictate the answers, but rather someone to ask you the right questions to help you become aware of what&rsquo;s going on.&nbsp;I&rsquo;d come to V\u00e9ronique with the aim of helping me to find new career opportunities that would suit me better. V\u00e9ronique took the situation in the right order: she helped me define what was frustrating me, what a stimulating environment is for me, what I&rsquo;m looking for as important criteria for fulfilment. We dug into my strengths using a few tools. We defined the types of job that use these strengths and the style of company that could be beneficial for me. It turned out that by the end of the coaching session, my work environment had become more serene. I proposed this new role to my management, using all the ideas I&rsquo;d prepared with V\u00e9ronique. I&rsquo;m happy to say that I&rsquo;m now in a position where I feel much better. It took 5 or 6 coaching sessions to get there. There was a lot of intermediate personal reflection thanks to the exercises between sessions. I won&rsquo;t hesitate to ask for help again when the road is still full of doubts! Thank you so much! \u00ab\u00a0<br>H\u00e9l\u00e8ne, <strong>Chief Operating Officer<\/strong>, SME<\/p>\n\n\n\n<p>I can highly recommend V\u00e9ronique for her exceptional support during my management coaching and training. Her ability to establish a relationship of trust and her personalised follow-up contributed greatly to my success in my new role. Her professionalism and expertise were invaluable assets throughout the process. Thanks to her sound advice and constant support, I&rsquo;ve been able to develop my managerial skills significantly and now feel that I&rsquo;m in the right place.&nbsp;<br>Isabelle, <strong>Manager,<\/strong> hospital sector<\/p>\n\n\n\n<p><span style=\"text-decoration: underline;\">REFERENCES (personality questionnaire M.B.T.I.)<\/span><\/p>\n\n\n\n<p>\u00ab\u00a0Taking the MBTI questionnaire and the debriefing session helped me to have a better understanding of the preferences that make up my personality. I understand better the differences with the personalities of the people I collaborate with and I can adapt my behavior instead of getting into conflict, for example by showing empathy.\u00a0\u00bb<br>Mathieu, <strong>student <\/strong>at ICHEC<\/p>\n\n\n\n<p>Taking the MBTI personality questionnaire, followed by a personalised debriefing with V\u00e9ronique, confirmed a number of aspects of my personality that I&rsquo;d been sensing for some time. It also enabled me to allow myself to adopt certain attitudes that I was sometimes reluctant to adopt. In short, the session enabled me to get to know myself much better and therefore to apply Socrates&rsquo; precept \u00ab\u00a0know thyself\u00a0\u00bb.\u00a0<br>Nicolas, <strong>freelance expert<\/strong><\/p>\n\n\n\n<p>MBTI: a wonderful discovery of my personality DNA, my natural strengths and my areas for improvement. The results blew me away. It strengthens my self-confidence and gives me the tools to interact better with others, especially with those who have a very different approach to me. Many thanks.<br>Caroline, <strong>Physician<\/strong><\/p>\n","protected":false},"excerpt":{"rendered":"<p>REFERENCES &#8211; INTERIM MANAGEMENT \u00ab\u00a0I had the pleasure to work with Veronique during one year at Volvo Construction Equipment where she joined us as a HR Generalist. With lots of energy and enthusiasm Veronique always brought a positive vibe in the office. As a fast and eager learner, she easily acquired the necessary knowledge on &hellip; <\/p>\n<p class=\"link-more\"><a href=\"https:\/\/veroniquejoubert.com\/index.php\/en-us\/references-2\/\" class=\"more-link\">Continuer la lecture<span class=\"screen-reader-text\"> de &laquo;&nbsp;REFERENCES&nbsp;&raquo;<\/span><\/a><\/p>\n","protected":false},"author":1,"featured_media":0,"parent":0,"menu_order":0,"comment_status":"closed","ping_status":"closed","template":"","meta":{"footnotes":""},"class_list":["post-422","page","type-page","status-publish","hentry"],"yoast_head":"<!-- This site is optimized with the Yoast SEO plugin v27.4 - https:\/\/yoast.com\/product\/yoast-seo-wordpress\/ -->\n<title>V\u00e9ronique JoubertREFERENCES - V\u00e9ronique Joubert<\/title>\n<meta name=\"description\" content=\"Passionn\u00e9e par l\u2019Humain, son d\u00e9veloppement et son \u00e9quilibre, je suis form\u00e9e en gestion des ressources humaines (ICHEC Brussels Management School), certifi\u00e9e en leadership et communication (Dale Carnegie), certifi\u00e9e en questionnaire de personnalit\u00e9 (MBTI), et form\u00e9e au coaching (CFIP).\" \/>\n<meta name=\"robots\" content=\"index, follow, max-snippet:-1, max-image-preview:large, max-video-preview:-1\" \/>\n<link rel=\"canonical\" href=\"https:\/\/veroniquejoubert.com\/index.php\/en-us\/references-2\/\" \/>\n<meta property=\"og:locale\" content=\"fr_FR\" \/>\n<meta property=\"og:type\" content=\"article\" \/>\n<meta property=\"og:title\" content=\"V\u00e9ronique JoubertREFERENCES - V\u00e9ronique Joubert\" \/>\n<meta property=\"og:description\" content=\"Passionn\u00e9e par l\u2019Humain, son d\u00e9veloppement et son \u00e9quilibre, je suis form\u00e9e en gestion des ressources humaines (ICHEC Brussels Management School), certifi\u00e9e en leadership et communication (Dale Carnegie), certifi\u00e9e en questionnaire de personnalit\u00e9 (MBTI), et form\u00e9e au coaching (CFIP).\" \/>\n<meta property=\"og:url\" content=\"https:\/\/veroniquejoubert.com\/index.php\/en-us\/references-2\/\" \/>\n<meta property=\"og:site_name\" content=\"V\u00e9ronique Joubert\" \/>\n<meta property=\"article:modified_time\" content=\"2024-04-28T17:39:43+00:00\" \/>\n<meta name=\"twitter:card\" content=\"summary_large_image\" \/>\n<meta name=\"twitter:label1\" content=\"Dur\u00e9e de lecture estim\u00e9e\" \/>\n\t<meta name=\"twitter:data1\" content=\"6 minutes\" \/>\n<script type=\"application\/ld+json\" class=\"yoast-schema-graph\">{\"@context\":\"https:\\\/\\\/schema.org\",\"@graph\":[{\"@type\":\"WebPage\",\"@id\":\"https:\\\/\\\/veroniquejoubert.com\\\/index.php\\\/en-us\\\/references-2\\\/\",\"url\":\"https:\\\/\\\/veroniquejoubert.com\\\/index.php\\\/en-us\\\/references-2\\\/\",\"name\":\"V\u00e9ronique JoubertREFERENCES - V\u00e9ronique Joubert\",\"isPartOf\":{\"@id\":\"https:\\\/\\\/veroniquejoubert.com\\\/#website\"},\"datePublished\":\"2021-09-16T07:56:56+00:00\",\"dateModified\":\"2024-04-28T17:39:43+00:00\",\"description\":\"Passionn\u00e9e par l\u2019Humain, son d\u00e9veloppement et son \u00e9quilibre, je suis form\u00e9e en gestion des ressources humaines (ICHEC Brussels Management School), certifi\u00e9e en leadership et communication (Dale Carnegie), certifi\u00e9e en questionnaire de personnalit\u00e9 (MBTI), et form\u00e9e au coaching (CFIP).\",\"breadcrumb\":{\"@id\":\"https:\\\/\\\/veroniquejoubert.com\\\/index.php\\\/en-us\\\/references-2\\\/#breadcrumb\"},\"inLanguage\":\"fr-FR\",\"potentialAction\":[{\"@type\":\"ReadAction\",\"target\":[\"https:\\\/\\\/veroniquejoubert.com\\\/index.php\\\/en-us\\\/references-2\\\/\"]}]},{\"@type\":\"BreadcrumbList\",\"@id\":\"https:\\\/\\\/veroniquejoubert.com\\\/index.php\\\/en-us\\\/references-2\\\/#breadcrumb\",\"itemListElement\":[{\"@type\":\"ListItem\",\"position\":1,\"name\":\"Accueil\",\"item\":\"https:\\\/\\\/veroniquejoubert.com\\\/\"},{\"@type\":\"ListItem\",\"position\":2,\"name\":\"REFERENCES\"}]},{\"@type\":\"WebSite\",\"@id\":\"https:\\\/\\\/veroniquejoubert.com\\\/#website\",\"url\":\"https:\\\/\\\/veroniquejoubert.com\\\/\",\"name\":\"V\u00e9ronique Joubert\",\"description\":\"\",\"publisher\":{\"@id\":\"https:\\\/\\\/veroniquejoubert.com\\\/#organization\"},\"potentialAction\":[{\"@type\":\"SearchAction\",\"target\":{\"@type\":\"EntryPoint\",\"urlTemplate\":\"https:\\\/\\\/veroniquejoubert.com\\\/?s={search_term_string}\"},\"query-input\":{\"@type\":\"PropertyValueSpecification\",\"valueRequired\":true,\"valueName\":\"search_term_string\"}}],\"inLanguage\":\"fr-FR\"},{\"@type\":\"Organization\",\"@id\":\"https:\\\/\\\/veroniquejoubert.com\\\/#organization\",\"name\":\"V\u00e9ronique Joubert\",\"url\":\"https:\\\/\\\/veroniquejoubert.com\\\/\",\"logo\":{\"@type\":\"ImageObject\",\"inLanguage\":\"fr-FR\",\"@id\":\"https:\\\/\\\/veroniquejoubert.com\\\/#\\\/schema\\\/logo\\\/image\\\/\",\"url\":\"https:\\\/\\\/veroniquejoubert.com\\\/wp-content\\\/uploads\\\/2020\\\/02\\\/cropped-20191227_VJ_Charte_LOGO_VECTO_WHITE-1.png\",\"contentUrl\":\"https:\\\/\\\/veroniquejoubert.com\\\/wp-content\\\/uploads\\\/2020\\\/02\\\/cropped-20191227_VJ_Charte_LOGO_VECTO_WHITE-1.png\",\"width\":3476,\"height\":250,\"caption\":\"V\u00e9ronique Joubert\"},\"image\":{\"@id\":\"https:\\\/\\\/veroniquejoubert.com\\\/#\\\/schema\\\/logo\\\/image\\\/\"}}]}<\/script>\n<!-- \/ Yoast SEO plugin. -->","yoast_head_json":{"title":"V\u00e9ronique JoubertREFERENCES - V\u00e9ronique Joubert","description":"Passionn\u00e9e par l\u2019Humain, son d\u00e9veloppement et son \u00e9quilibre, je suis form\u00e9e en gestion des ressources humaines (ICHEC Brussels Management School), certifi\u00e9e en leadership et communication (Dale Carnegie), certifi\u00e9e en questionnaire de personnalit\u00e9 (MBTI), et form\u00e9e au coaching (CFIP).","robots":{"index":"index","follow":"follow","max-snippet":"max-snippet:-1","max-image-preview":"max-image-preview:large","max-video-preview":"max-video-preview:-1"},"canonical":"https:\/\/veroniquejoubert.com\/index.php\/en-us\/references-2\/","og_locale":"fr_FR","og_type":"article","og_title":"V\u00e9ronique JoubertREFERENCES - V\u00e9ronique Joubert","og_description":"Passionn\u00e9e par l\u2019Humain, son d\u00e9veloppement et son \u00e9quilibre, je suis form\u00e9e en gestion des ressources humaines (ICHEC Brussels Management School), certifi\u00e9e en leadership et communication (Dale Carnegie), certifi\u00e9e en questionnaire de personnalit\u00e9 (MBTI), et form\u00e9e au coaching (CFIP).","og_url":"https:\/\/veroniquejoubert.com\/index.php\/en-us\/references-2\/","og_site_name":"V\u00e9ronique Joubert","article_modified_time":"2024-04-28T17:39:43+00:00","twitter_card":"summary_large_image","twitter_misc":{"Dur\u00e9e de lecture estim\u00e9e":"6 minutes"},"schema":{"@context":"https:\/\/schema.org","@graph":[{"@type":"WebPage","@id":"https:\/\/veroniquejoubert.com\/index.php\/en-us\/references-2\/","url":"https:\/\/veroniquejoubert.com\/index.php\/en-us\/references-2\/","name":"V\u00e9ronique JoubertREFERENCES - V\u00e9ronique Joubert","isPartOf":{"@id":"https:\/\/veroniquejoubert.com\/#website"},"datePublished":"2021-09-16T07:56:56+00:00","dateModified":"2024-04-28T17:39:43+00:00","description":"Passionn\u00e9e par l\u2019Humain, son d\u00e9veloppement et son \u00e9quilibre, je suis form\u00e9e en gestion des ressources humaines (ICHEC Brussels Management School), certifi\u00e9e en leadership et communication (Dale Carnegie), certifi\u00e9e en questionnaire de personnalit\u00e9 (MBTI), et form\u00e9e au coaching (CFIP).","breadcrumb":{"@id":"https:\/\/veroniquejoubert.com\/index.php\/en-us\/references-2\/#breadcrumb"},"inLanguage":"fr-FR","potentialAction":[{"@type":"ReadAction","target":["https:\/\/veroniquejoubert.com\/index.php\/en-us\/references-2\/"]}]},{"@type":"BreadcrumbList","@id":"https:\/\/veroniquejoubert.com\/index.php\/en-us\/references-2\/#breadcrumb","itemListElement":[{"@type":"ListItem","position":1,"name":"Accueil","item":"https:\/\/veroniquejoubert.com\/"},{"@type":"ListItem","position":2,"name":"REFERENCES"}]},{"@type":"WebSite","@id":"https:\/\/veroniquejoubert.com\/#website","url":"https:\/\/veroniquejoubert.com\/","name":"V\u00e9ronique Joubert","description":"","publisher":{"@id":"https:\/\/veroniquejoubert.com\/#organization"},"potentialAction":[{"@type":"SearchAction","target":{"@type":"EntryPoint","urlTemplate":"https:\/\/veroniquejoubert.com\/?s={search_term_string}"},"query-input":{"@type":"PropertyValueSpecification","valueRequired":true,"valueName":"search_term_string"}}],"inLanguage":"fr-FR"},{"@type":"Organization","@id":"https:\/\/veroniquejoubert.com\/#organization","name":"V\u00e9ronique Joubert","url":"https:\/\/veroniquejoubert.com\/","logo":{"@type":"ImageObject","inLanguage":"fr-FR","@id":"https:\/\/veroniquejoubert.com\/#\/schema\/logo\/image\/","url":"https:\/\/veroniquejoubert.com\/wp-content\/uploads\/2020\/02\/cropped-20191227_VJ_Charte_LOGO_VECTO_WHITE-1.png","contentUrl":"https:\/\/veroniquejoubert.com\/wp-content\/uploads\/2020\/02\/cropped-20191227_VJ_Charte_LOGO_VECTO_WHITE-1.png","width":3476,"height":250,"caption":"V\u00e9ronique Joubert"},"image":{"@id":"https:\/\/veroniquejoubert.com\/#\/schema\/logo\/image\/"}}]}},"_links":{"self":[{"href":"https:\/\/veroniquejoubert.com\/index.php\/wp-json\/wp\/v2\/pages\/422","targetHints":{"allow":["GET"]}}],"collection":[{"href":"https:\/\/veroniquejoubert.com\/index.php\/wp-json\/wp\/v2\/pages"}],"about":[{"href":"https:\/\/veroniquejoubert.com\/index.php\/wp-json\/wp\/v2\/types\/page"}],"author":[{"embeddable":true,"href":"https:\/\/veroniquejoubert.com\/index.php\/wp-json\/wp\/v2\/users\/1"}],"replies":[{"embeddable":true,"href":"https:\/\/veroniquejoubert.com\/index.php\/wp-json\/wp\/v2\/comments?post=422"}],"version-history":[{"count":9,"href":"https:\/\/veroniquejoubert.com\/index.php\/wp-json\/wp\/v2\/pages\/422\/revisions"}],"predecessor-version":[{"id":656,"href":"https:\/\/veroniquejoubert.com\/index.php\/wp-json\/wp\/v2\/pages\/422\/revisions\/656"}],"wp:attachment":[{"href":"https:\/\/veroniquejoubert.com\/index.php\/wp-json\/wp\/v2\/media?parent=422"}],"curies":[{"name":"wp","href":"https:\/\/api.w.org\/{rel}","templated":true}]}}